
Is 538147 composite?
False
Is 15491 composite?
True
Is 16603 a composite number?
False
Is 13961 a prime number?
False
Is 129169 prime?
True
Is 1928317 a composite number?
False
Is 13641 a composite number?
True
Is 375727 a prime number?
False
Is 72019 prime?
True
Is 147131 prime?
False
Is 14519 prime?
True
Is 49319 composite?
True
Is 485 composite?
True
Is 219211 a composite number?
True
Is 120473 a composite number?
False
Is 12197 a prime number?
True
Is 124687 prime?
False
Is 163469 prime?
True
Is 20761 a prime number?
False
Is 285041 a prime number?
False
Is 13271 composite?
True
Is 6263 a composite number?
False
Is 203141 a prime number?
True
Is 116149 composite?
True
Is 361183 composite?
False
Is 136057 a prime number?
True
Is 26149 a prime number?
False
Is 181321 a prime number?
False
Is 1123618 a prime number?
False
Is 1541734 a composite number?
True
Is 23503 a composite number?
True
Is 20569 a composite number?
True
Is 2262761 composite?
False
Is 549137 prime?
False
Is 189961 a prime number?
True
Is 46747 a composite number?
False
Is 17971 a composite number?
False
Is 160427 a composite number?
True
Is 47371 prime?
False
Is 7709 a composite number?
True
Is 29765 composite?
True
Is 12739 prime?
True
Is 11617 composite?
False
Is 152499 prime?
False
Is 4711 composite?
True
Is 1515841 prime?
True
Is 140821 a composite number?
True
Is 401497 a composite number?
True
Is 163019 a prime number?
True
Is 122957 prime?
True
Is 85883 a composite number?
True
Is 130323 composite?
True
Is 734663 a composite number?
False
Is 353099 composite?
False
Is 14891 composite?
False
Is 23377 prime?
False
Is 11947 a composite number?
True
Is 10347 a prime number?
False
Is 176977 a composite number?
False
Is 935615 a prime number?
False
Is 769 a prime number?
True
Is 308173 composite?
True
Is 45743 a prime number?
False
Is 249281 composite?
True
Is 32811 a composite number?
True
Is 105557 composite?
False
Is 1531157 a prime number?
True
Is 27179 composite?
False
Is 65881 prime?
True
Is 28043 composite?
True
Is 10022 prime?
False
Is 164753 prime?
False
Is 1361 a prime number?
True
Is 9311 prime?
True
Is 4987 a prime number?
True
Is 23231 a prime number?
False
Is 222289 prime?
True
Is 113647 prime?
True
Is 408355 prime?
False
Is 3601 a prime number?
False
Is 3068511 composite?
True
Is 275863 a prime number?
False
Is 2371 prime?
True
Is 31531 a composite number?
False
Is 39607 prime?
True
Is 259619 a prime number?
True
Is 9934 a composite number?
True
Is 46211 a composite number?
True
Is 9131 prime?
False
Is 17033 a prime number?
True
Is 11365 prime?
False
Is 101411 composite?
False
Is 1004681 a composite number?
True
Is 6599 a composite number?
False
Is 1197493 a composite number?
True
Is 115571 a prime number?
True
Is 4358 a prime number?
False
Is 853 composite?
False
Is 6673 prime?
True
Is 6833 prime?
True
Is 161569 prime?
True
Is 5613 prime?
False
Is 45901 composite?
True
Is 119027 composite?
False
Is 32353 composite?
False
Is 1183441 composite?
True
Is 4507 a composite number?
False
Is 29177 composite?
True
Is 445 composite?
True
Is 1551701 a prime number?
True
Is 25147 a prime number?
True
Is 106199 a prime number?
False
Is 10637 a prime number?
False
Is 64739 a prime number?
False
Is 15869 composite?
True
Is 4556021 a composite number?
False
Is 209123 a prime number?
True
Is 194969 composite?
True
Is 5147 composite?
False
Is 170827 composite?
False
Is 23719 composite?
False
Is 7481 a composite number?
False
Is 19259 prime?
True
Is 33094 a composite number?
True
Is 3632711 composite?
True
Is 331349 a prime number?
True
Is 1961 a prime number?
False
Is 151769 prime?
True
Is 3834719 a composite number?
True
Is 76697 prime?
True
Is 7988203 composite?
False
Is 16099 composite?
True
Is 105913 a prime number?
True
Is 6241 a prime number?
False
Is 407 composite?
True
Is 17257 a prime number?
True
Is 17461 a prime number?
False
Is 6211 prime?
True
Is 61861 a prime number?
True
Is 132283 composite?
False
Is 67117 a composite number?
True
Is 52293 prime?
False
Is 566329 composite?
True
Is 2444513 prime?
True
Is 25838 composite?
True
Is 391 prime?
False
Is 216803 composite?
False
Is 11597 prime?
True
Is 46387 composite?
True
Is 181715 prime?
False
Is 151841 a prime number?
True
Is 631987 a prime number?
True
Is 32933 prime?
True
Is 5581 a composite number?
False
Is 52147 prime?
True
Is 221393 prime?
True
Is 269461 a prime number?
True
Is 5923 a prime number?
True
Is 93277 a prime number?
False
Is 65683 a composite number?
True
Is 291359 composite?
False
Is 225341 composite?
False
Is 646291 prime?
True
Is 1543 prime?
True
Is 20939 a composite number?
False
Is 39986 composite?
True
Is 8563 prime?
True
Is 1213753 a composite number?
True
Is 383378 a prime number?
False
Is 191 prime?
True
Is 68711 composite?
False
Is 26747 composite?
True
Is 12941 a prime number?
True
Is 447611 prime?
True
Is 57157 composite?
True
Is 26099 prime?
True
Is 20849 a prime number?
True
Is 9127 composite?
False
Is 31439 composite?
True
Is 7041 a composite number?
True
Is 63507 a prime number?
False
Is 1299143 a prime number?
True
Is 3088021 composite?
False
Is 83113 composite?
True
Is 437321 a composite number?
False
Is 24655 composite?
True
Is 1693 composite?
False
Is 2599 a composite number?
True
Is 3453 composite?
True
Is 313073 a prime number?
False
Is 73641 prime?
False
Is 62533 a composite number?
False
Is 78137 composite?
False
Is 26813 composite?
False
Is 627059 prime?
True
Is 344023 composite?
True
Is 67663 a prime number?
False
Is 11366 a composite number?
True
Is 12799 composite?
False
Is 134171 a prime number?
True
Is 438931 prime?
False
Is 1714 a prime number?
False
Is 76771 a composite number?
False
Is 10217 composite?
True
Is 24937 composite?
True
Is 11299 a composite number?
False
Is 508467 a prime number?
False
Is 6407 a composite number?
True
Is 250129 composite?
True
Is 202295 a composite number?
True
Is 800979 prime?
False
Is 3433 a prime number?
True
Is 1650541 a composite number?
True
Is 661663 prime?
True
Is 137699 composite?
False
Is 8467 a prime number?
True
Is 331691 composite?
False
Is 322043 composite?
True
Is 11335 a prime number?
False
Is 88879 composite?
True
Is 220621 composite?
True
Is 7303 a prime number?
False
Is 94933 prime?
True
Is 15107 prime?
True
Is 19661 a composite number?
False
Is 319313 prime?
True
Is 569091 a prime number?
False
Is 12077 prime?
False
Is 1633 a prime number?
False
Is 32434 composite?
True
Is 86711 a composite number?
False
Is 1923 composite?
True
Is 4007 a prime number?
True
Is 5509 a composite number?
True
Is 29461 composite?
True
Is 14851 prime?
True
Is 63489 composite?
True
Is 166949 a composite number?
False
Is 66841 composite?
False
Is 11303 prime?
False
Is 512497 composite?
False
Is 136583 a prime number?
False
Is 486443 a composite number?
False
Is 506661 a prime number?
False
Is 13471 composite?
True
Is 309709 a composite number?
True
Is 1242233 a composite number?
False
Is 1311067 composite?
False
Is 260621 a prime number?
False
Is 12571 prime?
False
Is 739 a composite number?
False
Is 350833 a composite number?
True
Is 7729 composite?
True
Is 13259 prime?
True
Is 2333459 prime?
True
Is 10811 prime?
False
Is 177179 prime?
False
Is 2437 composite?
False
Is 16663 composite?
True
Is 15461 prime?
True
Is 3083585 a composite number?
True
Is 4018027 composite?
True
Is 1513 prime?
False
Is 1264513 composite?
True
Is 13211 prime?
False
Is 21941 prime?
False
Is 3277 a composite number?
True
Is 3659 a composite number?
False
Is 139967 a composite number?
False
Is 39149 a prime number?
False
Is 55841 prime?
False
Is 228953 prime?
True
Is 246187 a prime number?
True
Is 9287 a prime number?
False
Is 21683 composite?
False
Is 25439 prime?
True
Is 10477 composite?
False
Is 1352489 a prime number?
True
Is 3989 a prime number?
True
Is 5699 composite?
True
Is 6113 a prime number?
True
Is 20841 a prime number?
False
Is 9029 a composite number?
False
Is 3812341 composite?
True
Is 475199 a composite number?
True
Is 97327 a composite number?
False
Is 3906583 a composite number?
True
Is 3793 a composite number?
False
Is 732491 a composite number?
False
Is 6947 composite?
False
Is 4283 prime?
True
Is 3803 a prime number?
True
Is 6113 composite